{"id":12828,"date":"2023-08-03T08:59:26","date_gmt":"2023-08-03T11:59:26","guid":{"rendered":"http:\/\/www.eam.iua.edu.ar\/eam\/?page_id=12828"},"modified":"2023-08-07T13:50:36","modified_gmt":"2023-08-07T16:50:36","slug":"examen-definitivo","status":"publish","type":"page","link":"http:\/\/www.eam.iua.edu.ar\/eam\/examen-definitivo\/","title":{"rendered":"Examen Definitivo"},"content":{"rendered":"<p>[vc_row css=\u00bb.vc_custom_1629486439530{padding-right: 2em !important;}\u00bb][vc_column]<div class=\"sc_section\"><div class=\"sc_section_inner\"><div class=\"sc_infobox sc_infobox_style_regular sc_infobox_iconed icon-book\"><span class=\"sc_icon icon-check sc_icon_shape_round aligncenter\" style=\"font-size:2em; line-height: 1.2em;\"><\/span>[vc_column_text css=\u00bb.vc_custom_1691007654613{padding-right: 2em !important;padding-left: 1em !important;}\u00bb]<\/p>\n<h3 style=\"text-align: center;\"><b>EXAMEN DEFINITIVO<\/b><\/h3>\n<p>&nbsp;<\/p>\n<p style=\"text-align: justify;\"><span style=\"font-weight: 400;\">La duraci\u00f3n de este examen es aproximadamente de <strong>VEINTE d\u00edas corridos<\/strong>, permaneciendo internos durante todo el periodo en la <strong>Escuela de Aviaci\u00f3n Militar.<\/strong><\/span><\/p>\n<p>[\/vc_column_text][vc_empty_space height=\u00bb3em\u00bb]<\/div><\/div><\/div>[vc_empty_space height=\u00bb3em\u00bb]<div class=\"sc_section\"><div class=\"sc_section_inner\"><div class=\"sc_infobox sc_infobox_style_regular sc_infobox_iconed icon-book\">[vc_empty_space height=\u00bb3em\u00bb][vc_column_text css=\u00bb.vc_custom_1691008000097{padding-right: 3em !important;padding-left: 3em !important;}\u00bb]<\/p>\n<h3 style=\"text-align: center;\"><b>Instancias:<\/b><\/h3>\n<p style=\"text-align: justify;\"><b>1. Examen Psicot\u00e9cnico:<\/b><span style=\"font-weight: 400;\"> Comprende un conjunto de test que permiten hacer una evaluaci\u00f3n del potencial intelectual y una apreciaci\u00f3n de los rasgos de la personalidad del Candidato\/a.<\/span><\/p>\n<p style=\"text-align: justify;\"><b>2. Examen M\u00e9dico de Ingreso:<\/b><span style=\"font-weight: 400;\"> Se realizar\u00e1 en el Escuadr\u00f3n Sanidad del Instituto y Gabinete Psicofisiol\u00f3gico de C\u00f3rdoba, evalu\u00e1ndose las exigencias establecidas para cada Escalaf\u00f3n de acuerdo a la Reglamentaci\u00f3n vigente (ver Cap\u00edtulo VI del Cuadernillo de Ingreso). Pasar\u00e1n a la siguiente fase los Candidato\/as que obtengan la calificaci\u00f3n de APTOS. Las causas de NO APTO que surjan, se comunicar\u00e1n en forma personal el d\u00eda que se informan las bajas por causas m\u00e9dicas y en caso de ser menor de edad se notificar\u00e1 a sus padres.<\/span><\/p>\n<p style=\"text-align: justify;\"><b>3. Examen de Aptitud F\u00edsica:<\/b><span style=\"font-weight: 400;\"> Se realizar\u00e1 con el objeto de evaluar las condiciones f\u00edsicas del Candidato\/a, quien deber\u00e1 superar las pruebas establecidas (ver Cap\u00edtulo VII del Cuadernillo de Ingreso). Se recuerda que los tiempos que figuran en el programa son tiempos m\u00ednimos; superarlos significa obtener una mejor calificaci\u00f3n en este examen. Si por alguna raz\u00f3n no pudiera realizar las Pruebas F\u00edsicas, ser\u00e1 separado del proceso de selecci\u00f3n, no pudiendo continuar con el resto de las instancias de evaluaci\u00f3n.<\/span><\/p>\n<p>[\/vc_column_text][vc_empty_space height=\u00bb3em\u00bb][vc_video link=\u00bbhttps:\/\/youtu.be\/lrWYXZI4vyg\u00bb el_width=\u00bb90&#8243; align=\u00bbcenter\u00bb][vc_empty_space height=\u00bb3em\u00bb][vc_column_text css=\u00bb.vc_custom_1691066833875{padding-right: 3em !important;padding-left: 3em !important;}\u00bb]<\/p>\n<h3 style=\"text-align: center;\"><\/h3>\n<p style=\"text-align: justify;\"><strong>4.<\/strong> Entrevista Personal: Tiene como objetivo proporcionar al Candidato\/a mayor informaci\u00f3n sobre las particularidades de la vida aeron\u00e1utica y guiarlo en los aspectos que faciliten la toma de decisi\u00f3n, en relaci\u00f3n a su futuro profesional dentro de la Fuerza A\u00e9rea.<\/p>\n<p style=\"text-align: justify;\"><strong>5.<\/strong> Nociones B\u00e1sicas de la Vida Militar: Durante este Examen ser\u00e1n instruidos en forma te\u00f3rico-pr\u00e1ctica sobre las actividades que realizar\u00e1n una vez incorporados como Cadetes.<\/p>\n<p style=\"text-align: justify;\"><strong>6.<\/strong> Junta de Admisi\u00f3n: Es la \u00faltima instancia en el proceso de ingreso. Consiste en una entrevista a cada uno de los postulantes por parte de las m\u00e1ximas autoridades del Instituto. Finalizada la misma se comunicar\u00e1 quienes son convocados como Cadetes de I A\u00f1o.<\/p>\n<p>[\/vc_column_text][vc_empty_space height=\u00bb3em\u00bb]<\/div><\/div><\/div>[vc_empty_space height=\u00bb3em\u00bb][\/vc_column][\/vc_row]<\/p>\n","protected":false},"excerpt":{"rendered":"<p>[vc_row css=\u00bb.vc_custom_1629486439530{padding-right: 2em !important;}\u00bb][vc_column][vc_empty_space height=\u00bb3em\u00bb][vc_empty_space height=\u00bb3em\u00bb][\/vc_column][\/vc_row]<\/p>\n","protected":false},"author":1,"featured_media":0,"parent":0,"menu_order":0,"comment_status":"closed","ping_status":"closed","template":"","meta":{"_joinchat":[],"footnotes":""},"class_list":["post-12828","page","type-page","status-publish","hentry"],"_links":{"self":[{"href":"http:\/\/www.eam.iua.edu.ar\/eam\/wp-json\/wp\/v2\/pages\/12828","targetHints":{"allow":["GET"]}}],"collection":[{"href":"http:\/\/www.eam.iua.edu.ar\/eam\/wp-json\/wp\/v2\/pages"}],"about":[{"href":"http:\/\/www.eam.iua.edu.ar\/eam\/wp-json\/wp\/v2\/types\/page"}],"author":[{"embeddable":true,"href":"http:\/\/www.eam.iua.edu.ar\/eam\/wp-json\/wp\/v2\/users\/1"}],"replies":[{"embeddable":true,"href":"http:\/\/www.eam.iua.edu.ar\/eam\/wp-json\/wp\/v2\/comments?post=12828"}],"version-history":[{"count":16,"href":"http:\/\/www.eam.iua.edu.ar\/eam\/wp-json\/wp\/v2\/pages\/12828\/revisions"}],"predecessor-version":[{"id":12997,"href":"http:\/\/www.eam.iua.edu.ar\/eam\/wp-json\/wp\/v2\/pages\/12828\/revisions\/12997"}],"wp:attachment":[{"href":"http:\/\/www.eam.iua.edu.ar\/eam\/wp-json\/wp\/v2\/media?parent=12828"}],"curies":[{"name":"wp","href":"https:\/\/api.w.org\/{rel}","templated":true}]}}